pose 0 = 52*d - i*d + 1008. Calculate the highest common factor of f and d.
12
Let o(g) = -46*g**2 + 18*g - 8 + 45*g**2 + 51. Let j be o(19). What is the greatest common divisor of 33 and j?
3
Let y(z) = 2*z**2 + 174*z - 1. Let s be y(-88). What is the greatest common divisor of s and 35350?
175
Let z be (8/4*-2)/(-10) - (-44454)/15. Calculate the greatest common factor of 624 and z.
156
Suppose 1615 = 240*w - 155*w. Calculate the greatest common factor of 7 and w.
1
Let v be (4/(-8))/(21/(-210)). Let f(y) = -y**2 + 8*y + 2. Let w be f(8). Let g(h) = 24*h - 3. Let u be g(w). What is the highest common divisor of u and v?
5
Suppose h + 4*k = 1136, -3*h - 4*k + 682 = -2710. Suppose -2*u - u - 2556 = -2628. What is the highest common divisor of u and h?
24
Let c(p) = 4379*p**2 - 5*p - 4. Let t be c(-1). Calculate the greatest common divisor of 300 and t.
60
Suppose -338728 = 265*l + 155*l - 832648. Calculate the highest common divisor of 140 and l.
28
Suppose -447*z + 150*z = -153*z - 157*z + 247. Let f = 1745 + -1137. Calculate the highest common factor of z and f.
19
Suppose 549 = 5*u - 51. Let i be (-2)/8 - (-10)/(u/1971). Calculate the greatest common factor of i and 41.
41
Suppose 0 = -f - 2*q - 55, -4*f - 5*q + 10*q = 272. Let d = f - -75. Calculate the highest common factor of 48 and d.
12
Suppose 3*y - 27 = -12. Suppose 5*s = 4*a - 21, -8 - y = -3*a + s. Suppose -j = -f - 38, -a*j + f = -105 - 50. What is the highest common divisor of 39 and j?
39
Suppose -3 = 3*c - 15, 0 = -2*n + 3*c - 8. Suppose -4*i + v + 4*v = -1126, -2*i + 554 = n*v. What is the greatest common divisor of 31 and i?
31
Let u(h) = h**3 + 17*h**2 + 49*h - 22. Let c be u(-13). Calculate the greatest common factor of c and 3961.
17
Let x be ((-20)/(-8))/(((-3)/(-12))/(78/52)). What is the highest common divisor of 381 and x?
3
Let r(b) = b**2 - b - 5. Let m be r(-4). Let q = -11293 - -11548. What is the highest common factor of q and m?
15
Let u be (-4 + 28/(-2))/(4 + -3 + -3). Let z be (-4 - -6)*3/(-2). Let n be 116 + 2 + z + 2. Calculate the greatest common divisor of u and n.
9
Suppose 26*f = 25*f - 3. Let u be -4 - (734/f)/((-6)/(-9)). Calculate the greatest common factor of u and 33.
33
Suppose 57*s - 1035 = 12*s. Let v = s + 167. Calculate the greatest common divisor of v and 20.
10
Let t(m) = 219*m + 45. Let u be t(2). Suppose -159*z + 166*z - u = 0. What is the greatest common factor of 621 and z?
69
Let b(s) = s**3 + 25*s**2 + 4*s - 56. Let z = 655 - 678. Let v be b(z). Calculate the greatest common factor of v and 26.
26
Let c be (5 - (-76 - 14)) + 0. Calculate the greatest common factor of 21470 and c.
95
Suppose 0 = -93*s + 71*s + 440. Calculate the greatest common factor of s and 540.
20
Suppose 30*q + 27*q - 52 = 31*q. Calculate the greatest common divisor of q and 334.
2
Let q(p) = -26*p**2 + 5. Let z be q(2). Let y = -74 - z. Suppose 0 = -3*d + y + 32. Calculate the highest common divisor of d and 38.
19
Suppose 0 = -93*d + 99*d - 12. Suppose 7*q - 2*q = -d*m + 41, 0 = 3*m - 3*q - 51. Calculate the highest common factor of 12 and m.
6
Let w = -359889 + 359971. Let c = -6 - -8. What is the greatest common factor of w and c?
2
Let q = 0 - 0. Suppose -3*d - 5*r + 158 = -0*r, -2*d + 5*r + 97 = q. Calculate the greatest common divisor of d and 6.
3
Let k = 3778 + -3702. Calculate the greatest common divisor of 494 and k.
38
Suppose 0 = 10*m - 5*m - 85. Let k be ((-10)/25 - m/(-5)) + -9. Let r be 4/(-10)*(k + 1). Calculate the greatest common divisor of r and 18.
2
Let v = 908 + -364. What is the highest common divisor of 204 and v?
68
Let i be (468/126)/((-1)/(-7)). Suppose -i*h + 25*h = -48. Suppose -m + 3 = 2*m - 5*n, -m - 4*n + 18 = 0. What is the highest common divisor of m and h?
6
Let k = 2831 + -2819. Let r(f) = 8*f**2 - 2*f. Let p be r(-2). Let v = p - k. What is the greatest common factor of v and 8?
8
Let i be 1*46 + 125/25. Suppose 145 = 4*n + 5*f, 5*f = -n + 4 + i. Calculate the highest common factor of 20 and n.
10
Suppose 2*y = -5*x + 6 + 40, -2*x = 4. Calculate the highest common divisor of 609 and y.
7
Let m = -4697 - -4844. Calculate the highest common factor of 84 and m.
21
Suppose 3*y + 83 = 3*k + y, k - 5*y = 6. Suppose -2*i = -o - 0*o - k, 0 = i - 2*o - 8. What is the greatest common divisor of 24 and i?
6
Let o(k) = 93*k**2 + 19 - 4 - 9*k - 92*k**2. Let w be o(10). Calculate the greatest common divisor of 150 and w.
25
Let h = 8366 - 8219. What is the greatest common factor of h and 28?
7
Suppose 83 = w - 133. Let j be (2 + -1)/(2/8). Suppose 0 = 4*a + b - 103, 1 = -b - j. What is the highest common factor of w and a?
27
Let k be (-2 + 0)/(25/50). Let c be (108 + -103)/(0 + (-2)/k). What is the highest common factor of c and 160?
10
Suppose 123*u + 544*u + 424 = 20434. Let m be 44/(-6)*(1 - -2). Let q = 32 + m. Calculate the highest common factor of u and q.
10
Let c(s) = -6*s + 10. Let q be c(10). Let g be (1325/(-50))/((-1)/(-2)). Let o = q - g. What is the highest common divisor of o and 24?
3
Suppose -7 = -3*f - 22. Let h(i) = -2*i - 14. Let v(j) = -j - 14. Let g(o) = f*h(o) + 4*v(o). Let p be g(3). What is the greatest common factor of p and 4?
4
Let t(r) = -r**3 - 19*r**2 + 6*r - 268. Let v be t(-20). What is the highest common divisor of 564 and v?
12
Let m be ((-1)/2)/(3/(-588)). Suppose 2*y - 3*t - 183 = 0, 2*t + 27 - 17 = 0. Let d = m - y. Calculate the highest common divisor of 70 and d.
14
Let o(p) = -18 + 32 - 8*p - 18 + 3*p + 2*p**3 + p**2. Let k be o(-4). Let j = -76 - k. What is the greatest common factor of 100 and j?
20
Let a be (2 + -8)/((-57)/2470). What is the highest common divisor of a and 182?
26
Suppose 5*k + 806*a - 1482 = 810*a, 2*k - a - 591 = 0. What is the greatest common divisor of k and 490?
98
Let w(d) be the third derivative of -d**6/120 + 7*d**5/60 + 5*d**4/8 - 2*d**3/3 + 6*d**2 + 2. Let v be w(8). What is the greatest common factor of v and 286?
26
Let i = -122 + 62. Let y = 60 + i. Let r be (-98)/(-7) - y/(-2). Calculate the highest common divisor of r and 98.
14
Let k be 186/((-6)/(-828) + (1 - 1)). Calculate the highest common factor of k and 138.
138
Let m(a) = a**3 + 3*a**2 + a - 13. Let o be m(11). Calculate the greatest common divisor of 36 and o.
36
Suppose -461 - 24235 = -1029*p. Let j be 866/8 - 2/8. Calculate the highest common divisor of j and p.
12
Let z be ((14/4)/7)/((-1)/8). Let c be -1*(-5)/(-9 - z). Let u be 3/(c/(-3) + 0). Calculate the greatest common factor of 36 and u.
9
Suppose 61*q + 3*w - 6 = 59*q, 2*w + 0*w = 0. What is the highest common divisor of 11127 and q?
3
Let y = -707 + 713. Let d(r) = 44*r - 57. Let n be d(y). What is the greatest common divisor of 23 and n?
23
Suppose 13*f = 8*f + 865. Let h = 203 - f. Calculate the highest common divisor of 50 and h.
10
Suppose 24*c + 112 = 31*c. Suppose c*q = 139 + 645. What is the highest common divisor of q and 14?
7
Let n be -1*((-3132)/11 - (-300)/(-1100)). Calculate the greatest common factor of 6745 and n.
95
Let k = 153 + -121. Let h be (-75)/20*k/(-3). Calculate the greatest common factor of 100 and h.
20
Suppose -103*a - 17476 = -196284. What is the highest common factor of a and 1120?
56
Let z(h) be the first derivative of -5*h**2/2 - 8*h + 12. Let l be z(-2). Let f be 27/15 - l - 513/(-15). Calculate the highest common factor of 51 and f.
17
Let p(b) = -b**2 - 14*b - 38. Let g = -102 + 92. Let x be p(g). What is the greatest common factor of 194 and x?
2
Let s be (2 + -2)/(-2 + 0). Suppose s*n = -4*n - 2*t + 330, -t = n - 85. Suppose 19*d + n = 24*d. Calculate the greatest common factor of 4 and d.
4
Let v = -346 - -332. Let j(p) = p**3 + 14*p**2 - 6*p + 7. Let h be j(v). Calculate the greatest common factor of 13 and h.
13
Let u be (-1)/2 + 226/4. Suppose 0 = f + 2*n - 38, -f + n - 61 + 90 = 0. Calculate the greatest common factor of u and f.
8
Suppose 11 = 2*r - 5*o, -r + 5*o - 7 = -5*r. Let m be 5/(-10)*-4*29. Let i = m + -25. Calculate the greatest common factor of i and r.
3
Let a = -753 + 801. Suppose -3*t + a = -3*h, t - 3 + 2 = -2*h. Calculate the highest common factor of t and 4.
1
Let a be 10/6*147/(-245) - 3384/(-2). Calculate the greatest common factor of 89 and a.
89
Let a(f) = 6*f + 41. Let q be a(-6). 